hat is 8 + 3 + -11 - (69 - (11 + 7))?
-51
Evaluate 93 - (10 - (-21 + 13 + -14)).
61
What is the value of 75 + -81 + 18 + -21?
-9
(3 - 1) + (-1 + -2 - -7)
6
Evaluate -7 - -7 - -2 - (-49 - -44).
7
10 - ((12 + 1 + -1 - 31) + 9)
20
What is 23 - (2 - (-13 + -11)) - 9?
-12
(-101 - (-82 - -38)) + 35
-22
What is the value of (-17 - 109) + 25 + (-5 - -8 - -5)?
-93
What is 0 + (-1 - (-2 - 15)) - (24 + (90 - 104))?
6
What is -1821 + 1951 - (64 - -2)?
64
166 + -7 + 10 + -26 + (-10 - -5)
138
What is the value of -35 - (-19 + -5) - (93 + (-8 + 11 - -5))?
-112
What is the value of 2 + 42 + 154 + -136?
62
What is (418 - 382 - (-7 + 0) - 2) + -3?
38
Calculate -10 - 1 - (-47 + 2 + 21).
13
What is the value of -11 - -35 - (-5 + 5 + 7 - 13)?
30
What is (1 - -2) + (-1 - (19 + -1 + -13)) + 39?
36
Evaluate (13 + 0 - (-839 - -879)) + 19.
-8
-23 + (7 - (-12 + (-8 - -5)))
-1
Calculate 2 + (4 - 1) + (-16 - -12) + (0 - 23).
-22
What is the value of -40 - (-158 + (-110 - -264))?
-36
(6 - (19 + -15)) + 5 - -12
19
(0 - (-21 + -1)) + (-65005 - -65024)
41
Calculate -143 + -5 - -2 - -72.
-74
Evaluate ((36 - 20) + -15 - -11) + (2 - -2).
16
Calculate (460 - 463) + (6 - 3 - 4) + -7 + -5.
-16
What is -7 + (-46 - 2) + 78?
23
What is -62 - ((-56 - -107) + -29 + -4)?
-80
What is the value of 2 + (14 - 21) + 10 + (-25 - 0)?
-20
What is the value of -32 - (-3 + 59 - 28)?
-60
34 + 24 + -57 - -12
13
(5 - (-3 - -9)) + -6 + (5 - -21)
19
(-4 - 7) + -20 + (17 - 26) + (1 - 6)
-45
Calculate (44 - 65) + 35 - (3 + -5 - -7 - 103).
112
What is the value of 0 + -15 + (21 - 20) + -15 + 46?
17
What is the value of 2 + 0 + (-188 - -154) + (27 - 3)?
-8
What is -6 + 2 + (15 - (-64 + 38 - -127))?
-90
What is the value of -44 - (13 - 125 - -35)?
33
Calculate -38 + (0 - 0) - ((-29 - (25 + -64)) + -14).
-34
What is (-10 + 3 - ((-1 - 1) + 0)) + (42 - -33)?
70
What is the value of 4 - -6 - (-7 + (-18 - -13) + (-5 - 93))?
120
-16 + (-14 - (11 - 32)) + 14 + -41
-36
What is (-34 - -23) + (66 - (0 - (-2 + -2)))?
51
What is the value of -34 - ((-1 - (-20 + 7)) + (-7 - 4))?
-35
(14 + -2 - -25) + (-4 - -3)
36
Calculate -38 - (6 + 50 - 0).
-94
-61 + (89 - (-13 - -83))
-42
What is the value of 4 + 3 + -2 - -3 - (-3787 + 3780)?
15
What is -16 + -7 + 13 + -2 + -12 + 13?
-11
Evaluate 18 + (-78 + 92 - (0 + 8)).
24
Evaluate 58 - (-26 + 75) - 26.
-17
What is -10 + 1 - (-1 + -20 - -16 - -54)?
-58
-13 + -1 - (686 - 658)
-42
Calculate (-6 - -8 - -18 - 32) + 39.
27
What is the value of 21 + (-25 - (-15 - (-31 - -7)))?
-13
What is the value of 76 - (201 + (-75 - -6))?
-56
9 - 12 - (0 - -7) - (6 + -6 + -2)
-8
What is 133 - (37 - 31 - -7 - 21)?
141
Calculate -1 - -88 - (-1360 + 1409).
38
What is the value of -44 + -1 + 65 + (1 - 63)?
-42
What is the value of 0 + -4 + 7498 + -7438?
56
What is (1 - (-2 - 8)) + (-15 - (-97 + 74))?
19
Evaluate 34 - ((-7 + 5 - 1) + 22 + -26) - 1.
40
What is the value of (34 - 1 - (2311 - 2267)) + -29?
-40
What is the value of 3 + 3 + -7 + 6 + (-147 - -31 - -65)?
-46
(-14 - (28 + 11 + -24)) + 112
83
What is the value of (-1808 - -1774) + 1 + 5?
-28
Calculate (8620 - 8596) + -2 + 4.
26
What is the value of -15 + 3 - (14 + -185 + 57)?
102
Calculate 26 + -12 + 12 - -29.
55
Calculate (2 + 6 - 22) + -4 + 5 + -8.
-21
Evaluate 55 + -20 + (-35 - -54).
54
Evaluate (-32 - (-4 + (5 - 24))) + 74.
65
Calculate -21 + (21 + 2 - (426 + -404)).
-20
-2 - -2 - (2 - -14 - (-59 - -65))
-10
Calculate 42 - 5 - (-707 - -681).
63
What is (390 - 395) + (-33 - 6) + 0 + 1 + -4?
-47
Evaluate (99 - -8) + -26 + -21.
60
Evaluate (0 - -2) + 48 + (-41 - -33).
42
What is the value of -6 - (9 + 46 + (20 - (-2 + 13)))?
-70
What is the value of 34 + 0 - (-969 + 967)?
36
52 - (-10 + (-14 - -53 - 14) + -7)
44
What is the value of (4 - (33 - -6) - -28) + 0 + 1?
-6
Evaluate -68 + (3 + -37 - -53).
-49
Evaluate (-54 - -85) + -27 + (0 - -2) - (31 - -1).
-26
What is 34 - (40 + (-81 - (-42 - -9)))?
42
Calculate -22 + 29 - 2 - (-50 - (6 + -12)).
49
60 - 130 - -12 - -5
-53
Evaluate 68 + -6 + 35 + -70.
27
What is 16 + (2 - 1 - (233 + -237) - 6)?
15
Evaluate 97 - (3 + 125) - (0 - -9 - 1).
-39
Calculate -993 + 1002 + (0 - -23) + 57.
89
Calculate 47 + 7 + 12 + 4 + -9 - -11.
72
What is the value of 11 + 4 + (-2 + -4 + 0 - -13)?
22
Evaluate 54 - -34 - 52 - -10.
46
6980 - 6992 - (-9 + -3 + (-3 + 1 - -4))
-2
What is the value of -1 + 36 - (-59 + 65) - (196 - 191)?
24
What is the value of (-16 - -33 - 49 - -12) + 10?
-10
10 + (24 - 18) + -17 + -12 - (-1 - 75)
63
Evaluate (-5 - 4) + (3 - (-1 - (-7 - -16))).
4
Calculate 14 + (-39 - 7) + -4 + -7 + -11.
-54
What is the value of (95 - (-15 + (17 - (15 + -4)))) + -13?
91
Calculate 42 + -81 + 68 - (0 - -17).
12
Evaluate 4 + (-132 + 93 - (0 - 16)).
-19
What is 798 + -777 + (-1 + 0 - 59)?
-39
4 - (-4 - -8) - (36 + (13 - 11) - -2)
-40
0 + -21 + 1 - (-4413 + 4419)
-26
Calculate -11 + 18 + (-3 - 4) - (18 + (-4 - -8)).
-22
Evaluate (-12 - (-16 - -6)) + -6 - 27.
-35
What is the value of 28 + 15 + -90 + 33?
-14
Evaluate (0 - -53) + (305 - 322) - 14.
22
-12 - (-15 - (13 + (-12 - -13)))
17
(1 - -61 - -3) + -3 - (-1368 - -1375)
55
Calculate 7 - (13 - 26 - (-41 + -1)) - -1.
-21
Calculate -41 + 72 + 38 + -39.
30
Evaluate 3 + -55 - (-30 + -66).
44
Evaluate (0 + 2 + -19 - (-176 + 176)) + -1.
-18
Evaluate 117 + 0 + -187 + 181 - (4 + 10 - 27).
124
Calculate -110 - (17 + (15 - -9 - 65)) - (-1 - -2).
-87
3 + (21 - 86) + -11
-73
Evaluate (-12 - (16 - 11)) + 14 + -45.
-48
Evaluate 43 - 235 - (-8 - 93).
-91
Calculate 4 - -1 - (-11 + 98 + -69).
-13
What is -16 + 7 + 35 + (10 - (19 + -1))?
18
What is the value of 12 + 0 + 1 + -4 - (-198 + 201)?
6
Calculate (2 - (12 - 117) - (9 + -2)) + (36 - 26).
110
Evaluate -7 - (-4 - (14 + (-6 - -1))).
6
What is 7 + (-22 - -7) + -5 + (6 - 10)?
-17
-9 + 3 + 59 + -2 + 1 + -7 + 6
51
(16 - 26) + 33 + 0 - (30 - 30)
23
12 - (-86 + 0 + -15 + 15 + 32 + -24)
90
1 + -14 - (267 - 260)
-20
What is -2 - (152 + -143 + (-13 - 1)) - 12?
-9
Calculate (-161 - -157) + (82 - -1) + 16 + -6.
89
Evaluate -19 - 1 - ((-32 + 22 - 3) + 1).
-8
What is -2 - (0 + 10 - (-9 + -16 - -48 - 37))?
-26
What is -13 - (2 + -5 + 14 - (-61 + 59))?
-26
Calculate -81 - (-1 + 2 + -30 + 1 + 27 + 1).
-81
Calculate 8 + 9 - (-548 + 509).
56
What is (-6 - -2) + 91 + (2 - 31 - (247 + -285))?
96
What is the value of (123 + -2 - (8 - -1)) + (-124 - -104)?
92
What is (-2 + 0 - (24 - 13)) + -14 + 25?
-2
What is the value of 1 - -22 - ((-1 - -33) + 47 + -90)?
34
What is 44 + (-7 - (-19 - ((-10 - -3) + 5 - 8)))?
46
What is -48 - (-46 - (11 + -75))?
-66
What is (894 - 928) + (-2 + 2 - -1)?
-33
What is the value of 19 - (-12 + 12 + 1 + (-5 - 10))?
33
Calculate -27 + -29 - -52 - -22.
18
What is the value of 24 - (-45 - -32) - 7?
30
2 + 15 - (-204 - (-3 + -189))
29
Evaluate (2 - 1 - -32) + (-8 - 431) + 436.
30
What is the value of 19916 + -20142 + 159 + -2?
-69
78 - 95 - (-53 + 24 + -16)
28
Calculate 31 + 1 - (-1469 - -1518).
-17
Evaluate -7 - 1 - (-477 - -471).
-2
Calculate 346 + -273 - (6 - -50).
17
What is -9 + 38 + 4 + -32?
1
What is -24 + 3 - ((-23 - (-1 - 25)) + -73)?
49
Calculate -90 + 200 + -114 - -49.
45
Calculate (28 + 1 + 86 - -20) + (-1 - -2 - 13).
123
24 - -22 - (-20 + 25 + 5)
36
Calculate (84 - 85) + (-17 - -73).
55
What is the value of (12 - 0 - (218 - 208) - 21) + -1?
-20
What is 121 - 123 - (31 + (-1 + 0 - -5))?
-37
Calculate 10 - -42 - (-20 - -53).
19
-1 + 3 - -8 - (4 - -45 - 43) - -76
80
What is -43 - 86 - (58 + -84)?
-103
What is the value of 38 + -14 + -20 + -3 + 7?
8
What is (0 - -1) + 0 - (4 - 1) - (-295 - -195)?
98
What is 96 + -12 + (-64 - -37)?
57
(-12 - (6 - (-20 - -19))) + 15 - (-1 + -65)
62
Evaluate 22 + (-14 - (23 - 29)) - (1 - 8).
21
-671 - -600 - (-7 + 35)
-99
Calculate (12 + -4 + 6 - 38) + 4 + 0 + -5.
-25
Calculate 9 + 11 + 25 + -74.
-29
Calculate 30 + -23 - (-3 + -56 + (13 + -26 - -2)).
77
What is 5 + (78 - 3) + -125?
-45
51 + 124 + -178 + (51 - (-1 + 0))
49
What is 53 - (-31 + 71 + 29)?
-16
What is (56 - 48 - 51) + 68?
25
10 - ((-6 - -21 - 4) + -47)
46
Calculate -17 + 10 - (7 - 8) - (-22 + -7 - -5).
18
Evaluate -2 - -10 - (14 + (-38 - -45)) - -4.
-9
What is the value of 4 + 1 - (52 + -55) - (-3 - (4 + 4))?
19
Calculate -15 - (-123 + (58 - 27)).
77
What is -1 + 0 - (36 + 4 + -69 + 35)?
-7
Calculate (-46 - 2) + (-23 + 84 - 39